tor of 1075 and 172?
43
Calculate the highest common factor of 61900 and 20.
20
Calculate the greatest common divisor of 480 and 744.
24
What is the greatest common factor of 1 and 103?
1
Calculate the highest common divisor of 481 and 2553.
37
What is the highest common divisor of 309 and 824?
103
Calculate the greatest common factor of 13157 and 1784.
223
What is the highest common factor of 670 and 80?
10
What is the highest common divisor of 12 and 6852?
12
What is the highest common factor of 200 and 320?
40
Calculate the greatest common divisor of 8766 and 18.
18
What is the highest common factor of 76 and 3990?
38
What is the greatest common factor of 1824 and 288?
96
Calculate the highest common divisor of 8343 and 81.
81
Calculate the highest common factor of 501 and 3841.
167
Calculate the highest common divisor of 258 and 24.
6
Calculate the highest common factor of 10 and 5.
5
Calculate the greatest common divisor of 56 and 2282.
14
Calculate the highest common divisor of 47154 and 58.
58
What is the greatest common factor of 2 and 302?
2
Calculate the greatest common divisor of 7 and 7.
7
What is the greatest common factor of 510 and 1938?
102
Calculate the highest common factor of 54 and 4023.
27
Calculate the highest common factor of 9035 and 65.
65
Calculate the greatest common factor of 47 and 5687.
47
Calculate the greatest common divisor of 25136 and 32.
16
Calculate the greatest common divisor of 38 and 57.
19
Calculate the highest common factor of 3840 and 570.
30
What is the greatest common divisor of 20 and 2540?
20
Calculate the greatest common factor of 14 and 70.
14
What is the highest common divisor of 782 and 102?
34
What is the highest common divisor of 42 and 846?
6
Calculate the highest common factor of 33415 and 205.
205
Calculate the highest common divisor of 76 and 3268.
76
What is the greatest common factor of 1260 and 112?
28
Calculate the greatest common factor of 6128 and 80.
16
What is the greatest common factor of 11 and 1177?
11
What is the highest common divisor of 112 and 21?
7
Calculate the greatest common factor of 18 and 3378.
6
Calculate the highest common factor of 56186 and 26.
26
Calculate the highest common factor of 162 and 2.
2
Calculate the greatest common divisor of 1310 and 10.
10
Calculate the greatest common factor of 22 and 2332.
22
Calculate the highest common factor of 238 and 532.
14
Calculate the highest common divisor of 2 and 38.
2
Calculate the greatest common factor of 234 and 18.
18
Calculate the highest common divisor of 3 and 4881.
3
Calculate the greatest common divisor of 28 and 28.
28
Calculate the greatest common factor of 169 and 299.
13
What is the greatest common divisor of 77 and 495?
11
What is the greatest common divisor of 140 and 240?
20
Calculate the highest common divisor of 235 and 5.
5
Calculate the highest common factor of 1088 and 5372.
68
Calculate the highest common factor of 500 and 300.
100
Calculate the greatest common factor of 58 and 464.
58
Calculate the greatest common factor of 531 and 45.
9
Calculate the highest common factor of 581 and 249.
83
What is the highest common divisor of 4420 and 180?
20
What is the highest common divisor of 3228 and 12?
12
Calculate the greatest common factor of 15 and 15.
15
What is the highest common factor of 112 and 5936?
112
What is the greatest common factor of 75 and 33?
3
Calculate the highest common factor of 57 and 1710.
57
What is the highest common divisor of 812 and 116?
116
Calculate the greatest common divisor of 70 and 28.
14
What is the highest common factor of 16807 and 49?
49
Calculate the greatest common factor of 3 and 27.
3
What is the greatest common divisor of 57 and 551?
19
What is the greatest common divisor of 145 and 464?
29
What is the highest common divisor of 1494 and 18?
18
Calculate the highest common divisor of 160 and 3660.
20
What is the highest common divisor of 188 and 1504?
188
Calculate the greatest common factor of 48 and 8088.
24
What is the highest common factor of 60 and 45?
15
What is the highest common divisor of 2275 and 1050?
175
Calculate the greatest common factor of 288 and 45.
9
Calculate the highest common factor of 10 and 80.
10
Calculate the highest common factor of 37 and 2.
1
Calculate the greatest common factor of 40 and 10280.
40
Calculate the greatest common factor of 180 and 3130.
10
What is the highest common factor of 76 and 6764?
76
What is the highest common factor of 2010 and 30?
30
Calculate the greatest common factor of 6697 and 724.
181
What is the highest common divisor of 5473 and 26?
13
What is the greatest common divisor of 115 and 185?
5
What is the highest common factor of 76 and 108?
4
What is the greatest common factor of 12236 and 798?
266
Calculate the highest common divisor of 918 and 162.
54
Calculate the greatest common divisor of 1849 and 215.
43
What is the greatest common divisor of 14 and 2618?
14
Calculate the greatest common divisor of 66 and 30.
6
Calculate the greatest common divisor of 4025 and 14.
7
What is the greatest common factor of 424 and 583?
53
What is the greatest common divisor of 432 and 999?
27
What is the greatest common divisor of 224 and 42?
14
Calculate the highest common divisor of 3 and 105.
3
What is the greatest common factor of 832 and 234?
26
Calculate the greatest common factor of 7 and 13.
1
What is the highest common factor of 1160 and 8?
8
Calculate the greatest common divisor of 780 and 1482.
78
What is the highest common divisor of 36 and 234?
18
Calculate the greatest common factor of 33 and 6072.
33
Calculate the highest common divisor of 1863 and 552.
69
Calculate the greatest common factor of 5 and 3.
1
Calculate the highest common factor of 12388 and 76.
76
Calculate the highest common divisor of 114 and 76.
38
What is the highest common divisor of 31404 and 12?
12
What is the highest common factor of 7 and 1036?
7
What is the greatest common divisor of 340 and 85?
85
What is the greatest common divisor of 14440 and 4?
4
Calculate the highest common divisor of 26 and 16.
2
What is the highest common divisor of 320 and 2304?
64
Calculate the greatest common factor of 177 and 295.
59
What is the greatest common factor of 5 and 3805?
5
What is the highest common divisor of 58 and 1566?
58
Calculate the highest common factor of 28 and 524.
4
What is the greatest common divisor of 415 and 249?
83
What is the highest common divisor of 9 and 981?
9
Calculate the highest common factor of 837 and 31.
31
Calculate the highest common factor of 6716 and 23.
23
Calculate the highest common divisor of 310 and 10.
10
What is the highest common factor of 1454 and 2?
2
Calculate the greatest common factor of 6 and 282.
6
What is the highest common factor of 10209 and 123?
123
Calculate the greatest common factor of 414 and 150.
6
Calculate the greatest common factor of 58 and 2581.
29
Calculate the greatest common divisor of 410 and 10.
10
What is the greatest common factor of 24 and 648?
24
Calculate the greatest common divisor of 63 and 24.
3
Calculate the greatest common divisor of 6149 and 715.
143
Calculate the greatest common divisor of 1017 and 18.
9
Calculate the highest common divisor of 455 and 130.
65
Calculate the highest common factor of 1180 and 380.
20
Calculate the highest common factor of 873 and 18.
9
What is the highest common divisor of 114 and 1178?
38
What is the highest common divisor of 81 and 3078?
81
Calculate the highest common divisor of 114 and 42.
6
What is the highest common factor of 64 and 16?
16
Calculate the greatest common divisor of 104 and 7592.
104
What is the highest common divisor of 17158 and 46?
46
What is the greatest common divisor of 6765 and 2310?
165
Calculate the greatest common factor of 16 and 544.
16
Calculate the greatest common divisor of 30 and 165.
15
What is the greatest common divisor of 1260 and 72?
36
What is the greatest common factor of 410 and 10?
10
What is the greatest common divisor of 155 and 93?
31
What is the highest common factor of 2370 and 30?
30
What is the highest common divisor of 999 and 37?
37
Calculate the highest common divisor of 286 and 176.
22
Calculate the greatest common divisor of 144 and 1424.
16
What is the greatest commo